121 composite?
True
Is 4348343 prime?
True
Is 1783871 composite?
True
Is 434041 a prime number?
False
Is 992671 prime?
False
Is 150005641 a prime number?
True
Is 20751053 a composite number?
True
Is 5717353 a composite number?
False
Is 173065687 prime?
False
Is 4500751 composite?
False
Is 3934597 a composite number?
True
Is 3742405 composite?
True
Is 181737659 a prime number?
False
Is 113587417 composite?
False
Is 374126737 a prime number?
True
Is 70398323 a prime number?
False
Is 92445827 a composite number?
False
Is 3871579 a prime number?
True
Is 1578270319 prime?
True
Is 4238459 composite?
False
Is 24248291 composite?
True
Is 178740139 composite?
False
Is 89689 a composite number?
False
Is 162497843 a composite number?
False
Is 1560971 a composite number?
True
Is 8945381 a prime number?
True
Is 475597 a composite number?
False
Is 4694477 a composite number?
True
Is 24173921 a prime number?
False
Is 48987767 composite?
False
Is 207121 a composite number?
False
Is 1460827 a composite number?
True
Is 218093497 prime?
True
Is 139463201 composite?
False
Is 26129947 a prime number?
True
Is 23724451 composite?
True
Is 2545967 a composite number?
False
Is 401627 composite?
False
Is 23264927 a prime number?
False
Is 11613779 prime?
False
Is 35264263 composite?
False
Is 9438563 a composite number?
False
Is 11780365 composite?
True
Is 4382129 prime?
False
Is 8923 composite?
False
Is 2442941 composite?
False
Is 117237 a composite number?
True
Is 24429443 a composite number?
False
Is 106890857 a prime number?
False
Is 35404619 composite?
True
Is 116248147 composite?
False
Is 282407 prime?
True
Is 24806471 prime?
False
Is 14887163 composite?
True
Is 5556907 a composite number?
False
Is 222008377 a prime number?
True
Is 2374007 a composite number?
False
Is 694054623 a composite number?
True
Is 13208243 a composite number?
True
Is 27329791 composite?
True
Is 6776593 a composite number?
True
Is 120376309 composite?
False
Is 111304147 a composite number?
True
Is 62847839 a prime number?
False
Is 1368431 prime?
False
Is 5644563 a composite number?
True
Is 2592647 a composite number?
False
Is 31236141 a composite number?
True
Is 227610533 prime?
False
Is 209482529 composite?
False
Is 31940911 a prime number?
False
Is 6239759 prime?
True
Is 1320859 prime?
True
Is 206279113 prime?
True
Is 3765913 composite?
True
Is 249388771 prime?
True
Is 715151 a composite number?
False
Is 28036807 a prime number?
True
Is 23855803 a prime number?
False
Is 900781 composite?
True
Is 31086079 prime?
True
Is 88927099 a composite number?
False
Is 2919803 a composite number?
False
Is 3737269 a composite number?
False
Is 318769 composite?
True
Is 27182983 a prime number?
False
Is 21492749 composite?
False
Is 21943171 a prime number?
True
Is 1165511 prime?
True
Is 70823 prime?
True
Is 13491181 prime?
False
Is 39112243 prime?
False
Is 344724967 a prime number?
False
Is 14888681 composite?
False
Is 18755059 composite?
True
Is 945179 a prime number?
True
Is 152750993 a composite number?
True
Is 21685661 a prime number?
True
Is 971083 a composite number?
True
Is 975049 a composite number?
False
Is 378355427 prime?
True
Is 749231 a prime number?
False
Is 1170008407 a prime number?
False
Is 15856481 a composite number?
True
Is 2400053 a prime number?
True
Is 13474707 prime?
False
Is 301819 a prime number?
False
Is 4032101 composite?
False
Is 4295801 a composite number?
False
Is 23877467 prime?
False
Is 117924793 a composite number?
True
Is 67790165 prime?
False
Is 962459 composite?
False
Is 30871597 a prime number?
True
Is 77488291 a prime number?
True
Is 72171611 composite?
False
Is 131597 a composite number?
True
Is 801288949 a prime number?
True
Is 37374569 prime?
True
Is 6787423 a composite number?
True
Is 21538421 prime?
True
Is 7833185 a composite number?
True
Is 547087 composite?
False
Is 2518959 prime?
False
Is 67053001 a composite number?
False
Is 127585757 composite?
True
Is 1261871671 prime?
True
Is 6209723 composite?
True
Is 8662963 composite?
False
Is 226210898 a prime number?
False
Is 308222949 a prime number?
False
Is 22220399 prime?
True
Is 1373321 prime?
True
Is 6127041 composite?
True
Is 36078797 a composite number?
False
Is 2127133 composite?
False
Is 13926901 a prime number?
False
Is 48326129 a prime number?
True
Is 4047451 a prime number?
False
Is 2732137 a prime number?
True
Is 584293 composite?
True
Is 2770549 a composite number?
False
Is 7159703 prime?
False
Is 18229537 a composite number?
False
Is 193765367 composite?
False
Is 729401 a prime number?
False
Is 1851167 a composite number?
True
Is 4404701 a prime number?
False
Is 30251369 a prime number?
False
Is 54258251 prime?
True
Is 36385877 prime?
False
Is 6577778 a prime number?
False
Is 731213 prime?
False
Is 539389 a composite number?
False
Is 5097289 prime?
True
Is 2967131 prime?
True
Is 33427939 composite?
True
Is 1053127 prime?
False
Is 11295049 a prime number?
False
Is 23919967 prime?
True
Is 4019347 composite?
True
Is 190615261 a composite number?
False
Is 676829 a prime number?
True
Is 25328749 composite?
False
Is 246570185 a composite number?
True
Is 66232319 prime?
True
Is 20386813 composite?
False
Is 57884689 a composite number?
False
Is 754177 prime?
False
Is 137852579 a prime number?
False
Is 28923551 a prime number?
False
Is 2758747 a composite number?
True
Is 1567752755 a composite number?
True
Is 331259 a composite number?
False
Is 5554421 a composite number?
False
Is 3092659 a composite number?
True
Is 33871199 composite?
False
Is 38411561 a prime number?
True
Is 106519373 prime?
True
Is 7820191 a prime number?
False
Is 11170489 composite?
True
Is 252293053 prime?
False
Is 89548343 a prime number?
True
Is 621373 composite?
True
Is 6035189 a prime number?
True
Is 1514039 a prime number?
True
Is 70931589 prime?
False
Is 2329564727 a composite number?
True
Is 344292799 prime?
False
Is 3498863 a prime number?
True
Is 134829179 prime?
True
Is 17252947 a composite number?
True
Is 10841921 a composite number?
False
Is 42914669 a composite number?
True
Is 1860821 a composite number?
False
Is 86592613 prime?
True
Is 18442133 prime?
False
Is 2780713 a prime number?
False
Is 5555267 prime?
True
Is 314882971 prime?
False
Is 32985041 a prime number?
False
Is 6996611 a composite number?
False
Is 2966539 a prime number?
True
Is 749587 prime?
True
Is 7827019 a composite number?
False
Is 2387383 composite?
False
Is 10048463 a prime number?
True
Is 19755121 a composite number?
False
Is 43194863 a prime number?
True
Is 77366921 composite?
False
Is 6800137 a composite number?
True
Is 1368183 prime?
False
Is 5968649 a prime number?
False
Is 63678941 composite?
False
Is 1126999 composite?
False
Is 39632017 a composite number?
False
Is 33238113 prime?
False
Is 21959747 a prime number?
False
Is 10398787 composite?
True
Is 10544942 a prime number?
False
Is 166961087 a prime number?
False
Is 736942 a composite number?
True
Is 8329135 composite?
True
Is 815889715 prime?
False
Is 877552447 a composite number?
False
Is 1580171 a composite number?
False
Is 4749337 composite?
True
Is 1396929 a prime number?
False
Is 255353 prime?
False
Is 16162577 composite?
False
Is 205759 a prime number?
True
Is 7125673 prime?
True
Is 1886957 composite?
False
Is 12636977 prime?
False
Is 340318057 a composite number?
False
Is 232378222 composite?
True
Is 668137 a composite number?
True
Is 88421 prime?
False
Is 25123217 prime?
False
Is 6064181 a composite number?
True
Is 2001317 a composite number?
True
Is 142717591 a prime number?
False
Is 20215241 a prime number?
True
Is 1642601 prime?
True
Is 4160201 a composite number?
True
Is 10752239 a prime number?
True
Is 19001 composite?
False
Is 81190919 a composite number?
False
Is 592843 prime?
True
Is 2024471 a composite number?
False
Is 3892073 prime?
False
Is 84568619 a composite number?
False
Is 203851927 a composite number?
False
Is 432308161 a prime number?
False
Is 11225237 prime?
True
Is 1756409 a composite number?
False
Is 280823167 a composite number?
True
Is 801979 a composite number?
True
Is 479851373 a prime number?
False
Is 5227283 composite?
False
Is 12931081 a composite number?
False
Is 2951249 composite?
True
Is 104985503 prime?
False
Is 14480561 a composite number?
False
Is 1